hat is x(u)?
-5
Let j(p) = 9*p**2 + 57*p + 10. Let b be j(-6). Let n(w) = w**2 + 11*w + 11. What is n(b)?
-13
Suppose -3*s = -4 + 10. Let w be 2 + -1 - (s - -3). Let u = -3 - w. Let b(a) = 5*a + 3. Determine b(u).
-12
Suppose 10 = -2*z + 7*z. Let t(h) = 114*h - h**3 + 2*h**3 - 116*h. Determine t(z).
4
Let v(i) = -i**3 + 6*i**2 - 2*i + 4. Suppose -272 = 2*l - 2*b, l - 12 = -b - 146. Let m be ((-8)/5)/(-2)*l/(-18). Give v(m).
-8
Let g(r) = 13*r + 389. Let b be g(-30). Let f(i) be the third derivative of 0*i**4 + 0 - i**2 + 1/6*i**3 - 3/20*i**5 + 0*i. Give f(b).
-8
Let t(k) = -7*k**2 + 15*k - 11. Let y(h) = -19*h**2 + 43*h - 30. Let o(f) = 8*t(f) - 3*y(f). Suppose -4*j = -2*p - 32, -28 = -j - 3*j + 3*p. Determine o(j).
12
Let x be 29/29*2/(2/2). Let l(y) = -8*y + 16*y**3 - 25*y**3 + 10*y**3 + 5*y**x. Let d = 1 + -7. Give l(d).
12
Let f = -16 + 26. Suppose -2 = -2*n + f. Let r(p) = -9*p + 6*p**2 - 25*p**2 + 14*p**2 + 7 + 3*p**3 - 2*p**3. Determine r(n).
-11
Let z(p) = 7 - 2*p + 3 - p + 4*p. What is z(7)?
17
Let l(h) = 836 - 423 + 6*h - 419 - h**3 + 0*h**3 + 3*h**2. What is l(4)?
2
Suppose 27*x = 24*x + 3. Let u(h) = 2 - h**3 - x - 4 - 5 + h + 7*h**2. Calculate u(7).
-1
Let c(s) = 16*s**2 - 16*s**2 + 4 + 5*s - s**2. Suppose -6*o = -8*o + 12. Give c(o).
-2
Suppose 4*r + 14 = -2*p, 3*p + r - 6*r = 1. Let v(l) = -l**3 - l**2 - 3*l - 3. Give v(p).
24
Let n(j) be the third derivative of -j**5/60 - 7*j**4/24 - j**3/6 - 172*j**2. What is n(-5)?
9
Let x = 46 - 43. Let d(h) = h**2 + 17*h**3 + 2*h + 1 - 5*h**x - 5*h**3. What is d(-1)?
-7
Suppose -2 = 3*t - 4*t. Suppose 0 = 4*g - 3*u + t + 1, 3*g + u = 1. Let x be (1 - 1)/(g - 2). Let i(f) = f**3 - f**2 - 8. What is i(x)?
-8
Let y(n) be the third derivative of -n**7/1260 + n**5/120 - 2*n**4/3 + 41*n**2. Let u(j) be the second derivative of y(j). Determine u(-2).
-7
Let k(s) = 9*s - 13. Let j(y) = 4*y - 6. Let r be -9*2/(-24)*-4. Let d(z) = r*k(z) + 7*j(z). Calculate d(4).
1
Suppose -4*n - 30 = 5*g, -g + 4 = -n + 1. Let z(b) = b - 6. Let o be z(4). Let q(f) = -f - 2. Let i(m) = -4*m - 10. Let w(u) = o*i(u) + 11*q(u). What is w(g)?
4
Let r(x) be the second derivative of -x**7/2520 - x**5/60 - 11*x**4/12 + 12*x. Let j(v) be the third derivative of r(v). Let q = 10 - 7. What is j(q)?
-11
Let i(q) = 2*q - 17. Suppose -3*v + 12*v - 45 = 0. Let g be i(v). Let p(j) = j**3 + 8*j**2 + 4*j - 10. Calculate p(g).
11
Suppose -3 = -3*a + 2*s - 11, 0 = -3*a + 3*s - 9. Let i(v) = -v**3 - 3*v**2 - v. Give i(a).
-2
Let y(f) = 10*f**3 - 2*f**2 - f + 2. Let a be y(1). Suppose a = 11*o - 8*o. Let c(w) = 5*w + 4*w**3 - 3*w**3 - o + 0*w**3 - 5*w**2. What is c(4)?
1
Let u(s) = -6*s - 11. Suppose 3*t = 12, 4*l - 2*t + 17 = l. Let f be u(l). Let d(j) = j**3 - 7*j**2 - j + 9. Give d(f).
2
Let j = -18 + 19. Let k(n) = -616*n + j + 5*n**2 + 616*n. Give k(1).
6
Suppose -f - v + 7 = 0, -4*f - 2*v + 3*v + 13 = 0. Let b(n) = -f - 12*n + 0*n + 5. Determine b(1).
-11
Let h(j) = -2*j**3 - 2*j**2 + j - 2. Let c be h(-2). Let b(t) be the third derivative of -5*t**4/24 - t**3/3 - 503*t**2 - 3. What is b(c)?
-22
Let a(v) be the first derivative of -v**3/3 - 3*v**2 - 1. Suppose -39*w - 120 = -43*w. Let i be (-20)/w + ((-10)/(-3))/(-1). Calculate a(i).
8
Let r(n) = -2 + 6*n - 11*n + 7*n - 1. What is r(2)?
1
Suppose 1 = 5*p - 4*p, -2*y = -4*p + 12. Let u(s) = -s**3 - 4*s**2 - 5*s - 2. Calculate u(y).
18
Let w = 13 + -10. Suppose u = -4*k + 33, 5*k - w*u = 2*u + 10. Let f(c) = c + 21. Let v(s) = 10. Let r(p) = 2*f(p) - 5*v(p). Calculate r(k).
6
Suppose 15 = 4*r - 9. Let n be 1*(-2 - (3 - r)). Let q be (n/(-3))/((-2)/6). Let s(p) = 8*p. Give s(q).
8
Let p(g) = -g**2 + 8*g - 12. Let j be p(5). Let m(z) = j*z - 3 - 3 + 2*z**2 - z**3 + 4 - 1. Give m(3).
-3
Let g(w) = -w - 2. Let c = 15 + -19. Let f be g(c). Let z(r) = -2 - f*r + r - r. Give z(-2).
2
Let z(q) be the second derivative of -q**6/360 + 7*q**5/120 - 5*q**4/24 - 2*q**3 - 15*q. Let l(i) be the second derivative of z(i). Determine l(7).
-5
Let s(n) = -10*n - 1. Let a(f) = 17*f + 2. Let d(x) = -3*a(x) - 5*s(x). Let y(t) = -2*t - 1. Let m be y(-1). Let c be m + (-2)/1 + 2. Give d(c).
-2
Suppose 12*k = 4*k. Suppose k = -8*a + 12*a + 8. Let f(g) = g**2 - 2. Give f(a).
2
Let l(f) = 2*f**2 + 4*f + 3. Let m(v) = 32*v**2 - 1 + 41*v**2 - 71*v**2 - 2 - 8*v. Let a be m(4). Calculate l(a).
9
Suppose -3*z = -25 + 4. Let m(l) = l + z + 6 - 12. What is m(3)?
4
Let g(a) = -3*a + 18. Let s(p) = 9*p - 36. Let j(y) = -5*g(y) - 2*s(y). Calculate j(-8).
6
Let g(o) = o**2 - 11*o + 1. Suppose 5*y = 6*y - 129. Let s = y + -118. What is g(s)?
1
Let s(o) be the third derivative of -3*o**4/8 + o**3/6 - 9*o**2. Suppose 4*l - 6 = 6. Let z be (4 - 3 - 5) + l. Determine s(z).
10
Let m(o) be the third derivative of 2/3*o**4 + 13*o**2 - 1/6*o**3 + 0*o + 0. Give m(1).
15
Let b(c) = -2*c**3 + 15*c**2 + 6*c - 4. Let r(f) = -f**3 + 6*f**2 + 2*f - 2. Let v(n) = -4*b(n) + 9*r(n). Give v(-5).
3
Suppose 4*f = 2*b - 32 - 6, -4*b + 4*f = -56. Suppose -6 = -3*j + b. Let c(v) = -v**3 + 4*v**2 + 7*v - 5. What is c(j)?
5
Let f = -11 - -6. Let y(j) be the first derivative of j**3/3 + 3*j**2 + 6*j - 86. Give y(f).
1
Suppose 2*n + 5*m = 8, 0 = 3*n + 5*m + 55 - 57. Let w(x) = -7*x - 13. Calculate w(n).
29
Let r = 26 - 37. Let x = r - -5. Let z(t) = -t**2 - 6*t + 1. What is z(x)?
1
Let s(g) = -g**3 + 8*g**2 - 8*g + 3. Suppose 11*t - 8*t = 6. Suppose -f + 0 + 1 = 0, 0 = t*i + f - 15. What is s(i)?
-4
Let i = 22 - 13. Suppose 0 = i*h - 5*h. Let q(k) = h*k + 5 - 4 + 0*k + 5*k. Give q(-1).
-4
Suppose 11*n + 9363 - 32903 = 0. Let b be n/(-300) - (-2)/15. Let o(w) = -2*w - 7. Calculate o(b).
7
Let i(w) = -w**3 - 5*w**2 + 7*w + 2. Suppose -83 = 6*u - 47. Give i(u).
-4
Suppose 32 + 80 = -7*l. Let r = l - -19. Let g(u) = -u - 5*u + u**3 + 7*u**2 - r*u**2 + 0*u. What is g(-5)?
5
Let s(z) = -9*z + 4. Let w(x) = 10*x + 33. Let k be w(-3). Calculate s(k).
-23
Suppose 0 = -4*y - 2*a + 26, -2*y = -y - 4*a + 7. Let b(h) = 0*h + 0*h**2 + y*h + 2*h**2 - h**2. Determine b(-5).
0
Let k(g) = 2*g**2 + 7*g + 6. Suppose 0*x = -5*x + 25. Suppose -x*p = 5*l - 15, 0 = -p - 0*p + 5*l + 33. Suppose -3*a = -p*a - 20. Give k(a).
10
Let b be (-1264)/80 - (-18)/(-15). Let w(c) = -c**2 - 17*c + 2. Calculate w(b).
2
Let s(w) be the third derivative of 0*w + 1/60*w**5 + 0*w**4 - 29*w**2 + 0 - 1/6*w**3. Calculate s(3).
8
Let a(c) = c + 25. Let u = 886 + -897. Calculate a(u).
14
Let i = -2 + 5. Suppose -d - 5 = -4*u - 1, 10 = i*u + d. Let z(n) = -n**2 - n + 1. Calculate z(u).
-5
Suppose -3*k + 2 = -4*c - 2, 22 = 3*c + 4*k. Let u be (-4)/(-5 + 17) + 3/9. Suppose u*i - 10 = c*i. Let h(b) = b**2 + 3*b - 7. Give h(i).
3
Let d be 1/6*3*0. Suppose d = -2*r + 2*k + 22, k - 3 = -r - 2. Let h(y) = 0 - r*y**2 - 1 + 4*y + y**3 + 11*y**2. Determine h(-3).
5
Let b(g) = -2*g**2 - 7 - g**3 + 17 - g**2 - 13 - 4*g + 0*g**2. Suppose -2*h - 10 = 3*h. Determine b(h).
1
Let n = -202 - -286. Suppose 100 - n = 4*w. Let c(x) = 3*x - 2. Let m(u) = -4*u + 3. Let r(h) = -5*c(h) - 4*m(h). What is r(w)?
2
Let g = 26 - 26. Let i(o) be the third derivative of 0*o + 1/3*o**3 + 1/120*o**6 - 5*o**2 + 0 - 1/60*o**5 + 0*o**4. What is i(g)?
2
Let c(t) be the second derivative of 2*t**2 + 0 - 21*t + 1/3*t**3. What is c(3)?
10
Let f = 50 - 51. Let t(v) be the first derivative of 5*v**4/2 + 2*v**3/3 + v**2 + v + 8. Determine t(f).
-9
Let o(f) = 6*f - 1. Let a be (-9)/(-6)*2/3*3. Suppose 5*v - 2 = a. Determine o(v).
5
Suppose -5*v = -2*q + 8, 4*v - 2*q + 8 = -0*v. Let m(f) = f**2 - 20. What is m(v)?
-20
Let y = 42 - 37. Suppose y*o - 10 = 5. Let g(s) = -s**3 + 4*s**2 - 3. Give g(o).
6
Let f be 55/45 + ((-4)/18 - 0). Let i be (1 + f)*(-7)/(-2). Let j(l) = l. Determine j(i).
7
Let k = 19 + -25. Let f be (-1)/(2/2*2/k). Let x(p) = -2*p - 2. Give x(f).
-8
Suppose 2*j + 1 - 3 = 0. Let q(v) = -3*v**3 - v**2. Let n be q(j). Let t(b) be the third derivative of -b**6/120 - b**5/15 - b**4/24 - 18*b**2. Determine t(n).
4
Let g(h) be the third derivative of h**6/120 - 2*h**5/15 + h**4/4 + h**3/2 - 13*h**2 + 3. Let r(y) = -y**3 - y**2 + 4*y + 1. Let x be r(-3). What is g(x)?
-4
Let i(r) = r**2 - r - 1. Let m be i(2). Suppose 4*d - 19 = m. Let u(y) = 154 - d*y - 154. Calculate u(2).
-10
Let l(z) = z - 5*z**2 - 9*z + z**3 + 11*z + 0*z**3